 n + 109. What is the remainder when 114 is divided by f?
36
Calculate the remainder when 151 is divided by (-4858)/(-35) - (-3)/15.
12
Calculate the remainder when (-20)/230 - (-2141)/23 is divided by 56.
37
Let j = 16 + -5. Let n(t) = -4*t**3 - 2*t**2 + 5*t - 2. Let p be n(1). Let s = p + 45. What is the remainder when s is divided by j?
9
Let q be (2/(-3))/(1/3). Calculate the remainder when 169 is divided by -19 - -32 - (q - 1).
9
Let b(t) = 4*t - 3. Suppose 5*k + 4*m = 37, -2*k - 4*m + 2*m = -16. Suppose 0 = 6*j - k*j - 18. Calculate the remainder when j is divided by b(2).
3
Let b = 10049 + -7474. Calculate the remainder when b is divided by 13.
1
Let g(u) = -6*u + 27. Let q be g(4). Suppose q*c = 3*j - 273, -5*c = -4*j - 4*c + 358. What is the remainder when j is divided by 31?
27
Let p(n) = -n**3 - 19*n**2 - 37*n - 42. Let x be p(-17). What is the remainder when 2/(-2) + 0 - -10 is divided by x + ((-2)/4)/(6/60)?
1
What is the remainder when ((20 - 19) + -4)/(9/(-543)) is divided by 21?
13
Suppose 982 = -13*s - 84. Let m = 7 - s. Calculate the remainder when m is divided by 27.
8
Suppose 3060 = 7*v - 363. Suppose 5*f - v = 2*h, 479 = 5*f - 0*h + 3*h. What is the remainder when 202 is divided by f?
8
Suppose 4*r = -i + 353, -3*r - 18*i + 270 = -12*i. Calculate the remainder when 1535 is divided by r.
39
Let d(b) = 13*b + 69. Let l be d(-5). Suppose -5*p = l*o - 424, p = 3*p. What is the remainder when o is divided by 54?
52
Let l = 3660 + -3570. What is the remainder when 268 is divided by l?
88
Suppose 26*d - 10374 = 5*d. Let n = d + -493. What is the remainder when 51 is divided by n?
0
Let v = 151 - 149. Suppose 3*h - y + 0*y - 42 = 0, h + 4*y - 1 = 0. Calculate the remainder when h is divided by (v*3/(-6))/((-1)/2).
1
Suppose 0 = 5*z + 372 - 517. Calculate the remainder when 105 is divided by z.
18
Let s(r) = -5*r + 62. Let o(a) = -a. Let l(q) = 6*o(q) + s(q). Calculate the remainder when 17 is divided by l(5).
3
Suppose -b - 2*b - 2*v = -244, 5*b = 2*v + 412. Let g be (1/(-1))/((-685)/(-4030) - (-28)/(-182)). Let d = b + g. What is the remainder when 68 is divided by d?
8
Calculate the remainder when 439 is divided by (-12)/8 - -1 - (-2736)/32.
14
Let h(d) = -d**3 + 32*d**2 + 50*d - 92. Calculate the remainder when h(33) is divided by 111.
25
Let n(i) = -9*i**2 - 179*i - 47. What is the remainder when n(-17) is divided by 157?
81
Let f = -7162 - -7196. Calculate the remainder when 702 is divided by f.
22
Let s be (-2)/5*150*(1 + 1). Let c = -103 - s. What is the remainder when 61 is divided by c?
10
Suppose -4*v = -7*v + 12. Let r be (0/v + 3)*(-5)/(-3). Suppose -4*w + 1148 = 2*c, r*c + 1123 = 4*w + 3. Calculate the remainder when w is divided by 26.
25
Let g(d) = 2*d**2 - 7*d - 5. What is the remainder when 0 + ((-12)/(-15) - (-338188)/590) is divided by g(6)?
24
Suppose 85*k - 2871 = -42*k + 28*k. Suppose n = -1, a - 3*n = -0*a + 15. Calculate the remainder when k is divided by a.
5
Suppose -6*w + 54*w = 1386 + 1542. Calculate the remainder when 141 is divided by w.
19
Let v = 10 + -4. Calculate the remainder when ((-639)/(-18) + -9)/(-1 - (-9)/6) is divided by v.
5
Suppose -67*m + 72*m = 4*u + 143, 5*m - 164 = -3*u. Calculate the remainder when 54 is divided by m.
23
Let z(x) = -15*x + 35. Let p be z(2). Suppose 4 = -p*v + 4*r - 6, 4*v - 18 = -2*r. What is the remainder when 8 is divided by v?
0
Suppose 5*y = 3*j + 129, 5*y - 12*j + 17*j = 145. Suppose 0 = -3*l, 375 = 4*d + 3*l + y. What is the remainder when d is divided by 45?
42
Let q = -149 + 147. What is the remainder when 4 is divided by 189/135 - q/(-5)?
0
Let b be 1 + 0 + -1 - -2. Suppose 2*q = -b*x + 8, -q = x - 5*x + 36. What is the remainder when (312/x)/(1/(-4) + 1) is divided by 11?
8
Calculate the remainder when (6814/(-5))/((-3)/15) is divided by 213.
211
Suppose 0 = 8*r - 3*r - d + 2289, 0 = 3*d + 3. Let t be (-10797)/(-15) + 372/(-465). Let y = r + t. Calculate the remainder when y is divided by 44.
41
Let y(k) = 760*k - 236. What is the remainder when y(2) is divided by 68?
60
Suppose -1276 = 22*s - 2092 - 1912. Calculate the remainder when 5698 is divided by s.
118
Suppose 4*g - 5*q = 200, -5*q - 90 = 96*g - 98*g. What is the remainder when 64 is divided by g?
9
Let v = -153 + 154. Suppose -5*x - v = 5*g - 36, -x = -3*g - 19. Suppose 3*q - p - 19 = 64, -3*p = 2*q - 70. What is the remainder when q is divided by x?
9
Let g be (4 + -1)/(9/63*7). Suppose -3*x + 42 = g. Calculate the remainder when x is divided by 7.
6
What is the remainder when 4559 is divided by (14 - 16)/(5/(-190))?
75
Suppose -1837 - 713 = -510*n. Calculate the remainder when 1220 is divided by n.
0
Let s = 2845 - 2836. Let j(q) = -7*q - 1. Calculate the remainder when j(-3) is divided by s.
2
Suppose -6*m = -340 - 560. Suppose -2*a + 4*o + 0*o + 54 = 0, m = 5*a - 5*o. What is the remainder when 159 is divided by a?
27
Let j(m) be the second derivative of -m**4/12 - 11*m**3/6 + 19*m**2 - 5*m + 10. Calculate the remainder when 21 is divided by j(-13).
9
Let x(k) = -69*k - 7637. What is the remainder when 169 is divided by x(-112)?
78
Let i = -53 - -307. Suppose -r = 2*h - 168, 0 = 7*h - 4*h + 2*r - i. What is the remainder when h is divided by 24?
10
Let k be ((-252)/30 - -6)*-5. What is the remainder when 3/k*1124 + 6 is divided by 18?
17
Let c(j) = j**2 - 4*j - 27. Let w be c(8). Suppose 0 = 3*k + w*t - 145, 2*k = t + 62 + 52. Calculate the remainder when 108 is divided by k.
53
Let z(h) = 4*h - 8. Let r(t) = -36*t - 347. What is the remainder when z(8) is divided by r(-10)?
11
Suppose 2*c + 264 = 268. Suppose 0 = a - 5, 4*d + a - 215 = c*a. What is the remainder when 273 is divided by d?
53
Suppose 0 = 4*y + 5*i - 266, -4*i = -3*y - i + 213. Calculate the remainder when 112 is divided by y.
43
Suppose 13*p = 256 + 48 + 177. Suppose -436 = -3*n + 4*y, 2*n - 130 - 146 = -y. Calculate the remainder when n is divided by p.
29
Suppose -5490 = -b - 3*f, 4*f + 35 = 31. Calculate the remainder when b is divided by 67.
66
Let n = -15445 + 15507. What is the remainder when 28270 is divided by n?
60
Let c = -485 + 821. Let n = c - 312. Let h(i) = 31*i - 4. What is the remainder when h(3) is divided by n?
17
Suppose 0 = 138*m - 88*m - 2450. Suppose -3*x + 10 = 4*p - 78, -3*x = -3*p + 45. What is the remainder when m is divided by p?
11
Let f = -61 + 60. Let d(r) = -16*r**3 - 3*r**2 - 2*r + 1. What is the remainder when 46 is divided by d(f)?
14
Suppose 5*a = 2*z - 8 - 3, -4*z = -4*a - 16. What is the remainder when 12 is divided by a + -4 - (-22 - 5/(-1))?
0
Suppose -m = 4*d + 76, 0 = -3*m - 1 + 13. Let k = d - -6. What is the remainder when 18 is divided by k/4*(-80)/28?
8
Let s = 409 - 108. Suppose 5*y = -r + 91, -3*y - 2*y - 3*r = -83. Calculate the remainder when s is divided by y.
16
Let r(a) = -a**2 - a + 3. Let d be r(0). Let b be (1 + -2)/(d/6). What is the remainder when -1 - (-32 + (-2)/b) is divided by 11?
8
Let m = 1351 - 1309. What is the remainder when 172 is divided by m?
4
Suppose 2*i - 423 = -155. Let k = 309 - 129. Suppose 5*m - k = m. Calculate the remainder when i is divided by m.
44
Let y(d) = -d**3 - 8*d**2 + 17*d - 16. Suppose -103 + 53 = 5*k. Calculate the remainder when 80 is divided by y(k).
10
Let l = -596 - -1097. Let y = l + -431. What is the remainder when y is divided by 25?
20
Suppose -k - 5*k = -216. What is the remainder when 713/(-9)*-1 + (-8)/k is divided by 20?
19
Let o = -57 - -110. What is the remainder when o is divided by 126/(-2)*(-11 + (-1843)/(-171))?
11
Suppose 17*q = -0*q + 3366. Let z = -163 + q. Calculate the remainder when z is divided by 1.
0
Suppose 3*d + 3*i - 35 - 136 = 0, -179 = -3*d + 5*i. Suppose d = -3*g + 5*g. Suppose 1151*p - 1118*p = 240 + 24. What is the remainder when g is divided by p?
5
Suppose 29*r = -0*r - 23*r + 1872. What is the remainder when 260 is divided by r?
8
Suppose -2*p + 13 = 2*c + 3*c, c - 35 = -4*p. Calculate the remainder when 8 is divided by 7/(21/p) - 1.
0
Let y(u) = 44*u**2 - 33*u - 7. Calculate the remainder when 485 is divided by y(-2).
15
Suppose -2*d + 5 = 3*d, 0 = 3*g - d - 533. Suppose 161 = 73*o - 66*o. Calculate the remainder when g is divided by o.
17
Suppose 94*h - 15 = 89*h. What is the remainder when 10 